{"id":465,"date":"2022-02-16T10:54:24","date_gmt":"2022-02-16T09:54:24","guid":{"rendered":"https:\/\/www.biotop.pwr.edu.pl\/?page_id=465"},"modified":"2022-02-16T10:54:24","modified_gmt":"2022-02-16T09:54:24","slug":"patrons-sponsors","status":"publish","type":"page","link":"https:\/\/agrobiotechconference.pwr.edu.pl\/?page_id=465","title":{"rendered":"Patrons &#038; Sponsors"},"content":{"rendered":"\n<p>Here you&#8217;ll find people and organisations that helped make this conference happen. We are forever grateful for their support.<\/p>\n\n\n\n<p class=\"has-large-font-size\"><strong>Patrons<\/strong><\/p>\n\n\n\n<div class=\"wp-block-image\"><figure class=\"aligncenter size-full is-resized\"><a href=\"https:\/\/pwr.edu.pl\/\"><img loading=\"lazy\" decoding=\"async\" src=\"https:\/\/www.biotop.pwr.edu.pl\/wp-content\/uploads\/2022\/02\/Logo-same.png\" alt=\"\" class=\"wp-image-480\" width=\"281\" height=\"279\"\/><\/a><\/figure><\/div>\n\n\n\n<p>Prof. D.Sc. Ph.D. Eng. Andrzej O\u017cyhar &#8211; The Vice-Rector for Science, Wroc\u0142aw University of Science and Technology<\/p>\n\n\n\n<div class=\"wp-block-image\"><figure class=\"aligncenter size-full is-resized\"><a href=\"https:\/\/wch.pwr.edu.pl\/\"><img loading=\"lazy\" decoding=\"async\" src=\"https:\/\/www.biotop.pwr.edu.pl\/wp-content\/uploads\/2022\/02\/FABoNM1cPfU9nAkYlogo_w3.png\" alt=\"\" class=\"wp-image-473\" width=\"362\" height=\"222\"\/><\/a><\/figure><\/div>\n\n\n\n<p>Prof. D.Sc. Ph.D. Piotr M\u0142ynarz &#8211; The Dean of Faculty of Chemistry, Wroc\u0142aw University of Science and Technology<\/p>\n\n\n\n<div class=\"wp-block-image\"><figure class=\"aligncenter size-full is-resized\"><a href=\"https:\/\/www.not.pl\/\"><img loading=\"lazy\" decoding=\"async\" src=\"https:\/\/www.biotop.pwr.edu.pl\/wp-content\/uploads\/2022\/02\/fsnt_not_logo.jpg\" alt=\"\" class=\"wp-image-474\" width=\"200\" height=\"202\"\/><\/a><\/figure><\/div>\n\n\n\n<p>Naczelna Organizacja Techniczna &#8211; NOT oddzia\u0142 Wroc\u0142awski<\/p>\n\n\n\n<p class=\"has-large-font-size\"><strong>Sponsors<\/strong><\/p>\n\n\n\n<div class=\"wp-block-image\"><figure class=\"aligncenter size-full is-resized\"><a href=\"https:\/\/www.aabiot.com\/\"><img loading=\"lazy\" decoding=\"async\" src=\"https:\/\/www.biotop.pwr.edu.pl\/wp-content\/uploads\/2022\/02\/logo_aabiotechnology-life_science.png\" alt=\"\" class=\"wp-image-482\" width=\"507\" height=\"277\"\/><\/a><\/figure><\/div>\n\n\n\n<p>A&amp;A Biotechnology &#8211; biotechnological company supplying molecular biology labs all around the world.<\/p>\n\n\n\n<div class=\"wp-block-image\"><figure class=\"aligncenter size-full is-resized\"><a href=\"http:\/\/www.s-lab.pl\/homepage.html\"><img loading=\"lazy\" decoding=\"async\" src=\"https:\/\/www.biotop.pwr.edu.pl\/wp-content\/uploads\/2022\/03\/xS-LABP20POLSKIP20PRODUCENTP20LEKPC3P93W-1.png.pagespeed.ic_.SiCxBxIkSO-1.png\" alt=\"\" class=\"wp-image-515\" width=\"357\" height=\"160\"\/><\/a><\/figure><\/div>\n\n\n\n<p>S-lab &#8211; Polish pharmaceutical company producing, among others prescription drugs, OTC drugs, cosmetics,  diatery supplements.<\/p>\n","protected":false},"excerpt":{"rendered":"<p>Here you&#8217;ll find people and organisations that helped make this conference happen. We are forever grateful for their support. Patrons Prof. D.Sc. Ph.D. Eng. Andrzej O\u017cyhar &#8211; The Vice-Rector for Science, Wroc\u0142aw University of Science and Technology Prof. D.Sc. Ph.D. Piotr M\u0142ynarz &#8211; The Dean of Faculty of Chemistry, Wroc\u0142aw University of Science and Technology [&hellip;]<\/p>\n","protected":false},"author":2,"featured_media":0,"parent":0,"menu_order":0,"comment_status":"closed","ping_status":"closed","template":"","meta":{"footnotes":""},"class_list":["post-465","page","type-page","status-publish","hentry"],"_links":{"self":[{"href":"https:\/\/agrobiotechconference.pwr.edu.pl\/index.php?rest_route=\/wp\/v2\/pages\/465","targetHints":{"allow":["GET"]}}],"collection":[{"href":"https:\/\/agrobiotechconference.pwr.edu.pl\/index.php?rest_route=\/wp\/v2\/pages"}],"about":[{"href":"https:\/\/agrobiotechconference.pwr.edu.pl\/index.php?rest_route=\/wp\/v2\/types\/page"}],"author":[{"embeddable":true,"href":"https:\/\/agrobiotechconference.pwr.edu.pl\/index.php?rest_route=\/wp\/v2\/users\/2"}],"replies":[{"embeddable":true,"href":"https:\/\/agrobiotechconference.pwr.edu.pl\/index.php?rest_route=%2Fwp%2Fv2%2Fcomments&post=465"}],"version-history":[{"count":0,"href":"https:\/\/agrobiotechconference.pwr.edu.pl\/index.php?rest_route=\/wp\/v2\/pages\/465\/revisions"}],"wp:attachment":[{"href":"https:\/\/agrobiotechconference.pwr.edu.pl\/index.php?rest_route=%2Fwp%2Fv2%2Fmedia&parent=465"}],"curies":[{"name":"wp","href":"https:\/\/api.w.org\/{rel}","templated":true}]}}